Dec 03 02:31:20.611 INFO testing lp-modeler-0.3.2 against master#8940af3cea4a9a9deabcaf843b2f8cad9a83fc61 for beta-1.31-5
Dec 03 02:31:20.611 INFO running `"docker" "create" "-v" "/mnt/big/crater/work/local/target-dirs/beta-1.31-5/worker-6/master#8940af3cea4a9a9deabcaf843b2f8cad9a83fc61:/target:rw,Z" "-v" "/mnt/big/crater/work/local/test-source/worker-6/beta-1.31-5/master#8940af3cea4a9a9deabcaf843b2f8cad9a83fc61:/source:ro,Z" "-v" "/mnt/big/crater/work/local/cargo-home:/cargo-home:ro,Z" "-v" "/mnt/big/crater/work/local/rustup-home:/rustup-home:ro,Z" "-e" "USER_ID=1000" "-e" "SOURCE_DIR=/source" "-e" "USER_ID=1000" "-e" "CMD=cargo +8940af3cea4a9a9deabcaf843b2f8cad9a83fc61-alt build --frozen" "-e" "CARGO_TARGET_DIR=/target" "-e" "CARGO_INCREMENTAL=0" "-e" "RUST_BACKTRACE=full" "-e" "RUSTFLAGS=--cap-lints=warn" "-e" "CARGO_HOME=/cargo-home" "-e" "RUSTUP_HOME=/rustup-home" "-m" "1536M" "--network" "none" "crater"`
Dec 03 02:31:20.839 INFO [stdout] de352798b8e12b089aca56da3c534544fe4a67198558fbbc05bd0feca74f8a1f
Dec 03 02:31:20.841 INFO running `"docker" "start" "-a" "de352798b8e12b089aca56da3c534544fe4a67198558fbbc05bd0feca74f8a1f"`
Dec 03 02:31:21.280 INFO [stderr] usermod: no changes
Dec 03 02:31:21.327 INFO [stderr]    Compiling lp-modeler v0.3.2 (/source)
Dec 03 02:31:23.748 INFO [stderr]     Finished dev [unoptimized + debuginfo] target(s) in 2.45s
Dec 03 02:31:23.752 INFO [stderr] su: No module specific data is present
Dec 03 02:31:24.049 INFO running `"docker" "inspect" "de352798b8e12b089aca56da3c534544fe4a67198558fbbc05bd0feca74f8a1f"`
Dec 03 02:31:24.219 INFO running `"docker" "rm" "-f" "de352798b8e12b089aca56da3c534544fe4a67198558fbbc05bd0feca74f8a1f"`
Dec 03 02:31:24.431 INFO [stdout] de352798b8e12b089aca56da3c534544fe4a67198558fbbc05bd0feca74f8a1f
Dec 03 02:31:24.431 INFO running `"docker" "create" "-v" "/mnt/big/crater/work/local/target-dirs/beta-1.31-5/worker-6/master#8940af3cea4a9a9deabcaf843b2f8cad9a83fc61:/target:rw,Z" "-v" "/mnt/big/crater/work/local/test-source/worker-6/beta-1.31-5/master#8940af3cea4a9a9deabcaf843b2f8cad9a83fc61:/source:ro,Z" "-v" "/mnt/big/crater/work/local/cargo-home:/cargo-home:ro,Z" "-v" "/mnt/big/crater/work/local/rustup-home:/rustup-home:ro,Z" "-e" "USER_ID=1000" "-e" "SOURCE_DIR=/source" "-e" "USER_ID=1000" "-e" "CMD=cargo +8940af3cea4a9a9deabcaf843b2f8cad9a83fc61-alt test --frozen --no-run" "-e" "CARGO_TARGET_DIR=/target" "-e" "CARGO_INCREMENTAL=0" "-e" "RUST_BACKTRACE=full" "-e" "RUSTFLAGS=--cap-lints=warn" "-e" "CARGO_HOME=/cargo-home" "-e" "RUSTUP_HOME=/rustup-home" "-m" "1536M" "--network" "none" "crater"`
Dec 03 02:31:24.784 INFO [stdout] 2dce34c1bb947658286464edd4a83e261b0bb398af68d174df3fe55108ede8b7
Dec 03 02:31:24.788 INFO running `"docker" "start" "-a" "2dce34c1bb947658286464edd4a83e261b0bb398af68d174df3fe55108ede8b7"`
Dec 03 02:31:25.343 INFO [stderr] usermod: no changes
Dec 03 02:31:25.387 INFO [stderr]    Compiling lp-modeler v0.3.2 (/source)
Dec 03 02:31:29.164 INFO [stderr]     Finished dev [unoptimized + debuginfo] target(s) in 3.80s
Dec 03 02:31:29.168 INFO [stderr] su: No module specific data is present
Dec 03 02:31:30.231 INFO running `"docker" "inspect" "2dce34c1bb947658286464edd4a83e261b0bb398af68d174df3fe55108ede8b7"`
Dec 03 02:31:30.527 INFO running `"docker" "rm" "-f" "2dce34c1bb947658286464edd4a83e261b0bb398af68d174df3fe55108ede8b7"`
Dec 03 02:31:30.839 INFO [stdout] 2dce34c1bb947658286464edd4a83e261b0bb398af68d174df3fe55108ede8b7
Dec 03 02:31:30.840 INFO running `"docker" "create" "-v" "/mnt/big/crater/work/local/target-dirs/beta-1.31-5/worker-6/master#8940af3cea4a9a9deabcaf843b2f8cad9a83fc61:/target:rw,Z" "-v" "/mnt/big/crater/work/local/test-source/worker-6/beta-1.31-5/master#8940af3cea4a9a9deabcaf843b2f8cad9a83fc61:/source:ro,Z" "-v" "/mnt/big/crater/work/local/cargo-home:/cargo-home:ro,Z" "-v" "/mnt/big/crater/work/local/rustup-home:/rustup-home:ro,Z" "-e" "USER_ID=1000" "-e" "SOURCE_DIR=/source" "-e" "USER_ID=1000" "-e" "CMD=cargo +8940af3cea4a9a9deabcaf843b2f8cad9a83fc61-alt test --frozen" "-e" "CARGO_TARGET_DIR=/target" "-e" "CARGO_INCREMENTAL=0" "-e" "RUST_BACKTRACE=full" "-e" "RUSTFLAGS=--cap-lints=warn" "-e" "CARGO_HOME=/cargo-home" "-e" "RUSTUP_HOME=/rustup-home" "-m" "1536M" "--network" "none" "crater"`
Dec 03 02:31:31.439 INFO [stdout] 989ecb434545e562b1d2ec1dcfa5e743157e047b7a117ed395fa72de42964d90
Dec 03 02:31:31.441 INFO running `"docker" "start" "-a" "989ecb434545e562b1d2ec1dcfa5e743157e047b7a117ed395fa72de42964d90"`
Dec 03 02:31:32.020 INFO [stderr] usermod: no changes
Dec 03 02:31:32.059 INFO [stderr]     Finished dev [unoptimized + debuginfo] target(s) in 0.02s
Dec 03 02:31:32.068 INFO [stderr]      Running /target/debug/deps/lp_modeler-87a8d962d8c2cbbb
Dec 03 02:31:32.074 INFO [stdout] 
Dec 03 02:31:32.074 INFO [stdout] running 0 tests
Dec 03 02:31:32.074 INFO [stdout] 
Dec 03 02:31:32.074 INFO [stdout] test result: ok. 0 passed; 0 failed; 0 ignored; 0 measured; 0 filtered out
Dec 03 02:31:32.074 INFO [stdout] 
Dec 03 02:31:32.074 INFO [stderr]      Running /target/debug/deps/expression-bb237ab6affce8cb
Dec 03 02:31:32.077 INFO [stdout] 
Dec 03 02:31:32.077 INFO [stdout] running 6 tests
Dec 03 02:31:32.079 INFO [stdout] test trivial_rules ... ok
Dec 03 02:31:32.079 INFO [stdout] test expressions_to_lp_file_format ... ok
Dec 03 02:31:32.080 INFO [stdout] test associativity ... ok
Dec 03 02:31:32.080 INFO [stdout] test distributivity ... ok
Dec 03 02:31:32.080 INFO [stdout] test expressions_creation ... ok
Dec 03 02:31:32.080 INFO [stdout] test literal_first_with_accumulation ... ok
Dec 03 02:31:32.080 INFO [stdout] 
Dec 03 02:31:32.080 INFO [stdout] test result: ok. 6 passed; 0 failed; 0 ignored; 0 measured; 0 filtered out
Dec 03 02:31:32.080 INFO [stdout] 
Dec 03 02:31:32.082 INFO [stderr]      Running /target/debug/deps/problems-a2c87c965f27407c
Dec 03 02:31:32.084 INFO [stdout] 
Dec 03 02:31:32.084 INFO [stdout] running 2 tests
Dec 03 02:31:32.091 INFO [stdout] test test_readme_example_1 ... ok
Dec 03 02:31:32.103 INFO [stdout] test test_readme_example_2 ... FAILED
Dec 03 02:31:32.103 INFO [stdout] 
Dec 03 02:31:32.103 INFO [stdout] failures:
Dec 03 02:31:32.103 INFO [stdout] 
Dec 03 02:31:32.103 INFO [stdout] ---- test_readme_example_2 stdout ----
Dec 03 02:31:32.103 INFO [stdout] thread 'test_readme_example_2' panicked at 'Read-only file system (os error 30)', tests/problems.rs:122:5
Dec 03 02:31:32.103 INFO [stdout] stack backtrace:
Dec 03 02:31:32.103 INFO [stdout]    0:     0x5617b473b92f - std::sys::unix::backtrace::tracing::imp::unwind_backtrace::h3a8b83e1922cbdde
Dec 03 02:31:32.103 INFO [stdout]                                at libstd/sys/unix/backtrace/tracing/gcc_s.rs:49
Dec 03 02:31:32.103 INFO [stdout]    1:     0x5617b47481e7 - std::sys_common::backtrace::print::h00d3155a29b4020f
Dec 03 02:31:32.103 INFO [stdout]                                at libstd/sys_common/backtrace.rs:71
Dec 03 02:31:32.103 INFO [stdout]                                at libstd/sys_common/backtrace.rs:59
Dec 03 02:31:32.103 INFO [stdout]    2:     0x5617b4740d9f - std::panicking::default_hook::{{closure}}::hd7465c742e79e1bb
Dec 03 02:31:32.103 INFO [stdout]                                at libstd/panicking.rs:211
Dec 03 02:31:32.103 INFO [stdout]    3:     0x5617b4740a9e - std::panicking::default_hook::h9e3966f2aa2a6e12
Dec 03 02:31:32.103 INFO [stdout]                                at libstd/panicking.rs:221
Dec 03 02:31:32.103 INFO [stdout]    4:     0x5617b474147e - std::panicking::rust_panic_with_hook::h587f091ae747d080
Dec 03 02:31:32.103 INFO [stdout]                                at libstd/panicking.rs:476
Dec 03 02:31:32.103 INFO [stdout]    5:     0x5617b468c4d3 - std::panicking::begin_panic::h0a5ef8bdf413e8ba
Dec 03 02:31:32.103 INFO [stdout]                                at libstd/panicking.rs:410
Dec 03 02:31:32.103 INFO [stdout]    6:     0x5617b468f250 - problems::test_readme_example_2::h9a18a3a116ea6515
Dec 03 02:31:32.103 INFO [stdout]                                at tests/problems.rs:122
Dec 03 02:31:32.103 INFO [stdout]    7:     0x5617b468df79 - problems::test_readme_example_2::{{closure}}::h0d47dc62e2d1bca3
Dec 03 02:31:32.103 INFO [stdout]                                at tests/problems.rs:52
Dec 03 02:31:32.103 INFO [stdout]    8:     0x5617b468a83d - core::ops::function::FnOnce::call_once::h15a54a6f7907658b
Dec 03 02:31:32.103 INFO [stdout]                                at libcore/ops/function.rs:238
Dec 03 02:31:32.103 INFO [stdout]    9:     0x5617b4699e5e - <F as alloc::boxed::FnBox<A>>::call_box::hac903f91577a156c
Dec 03 02:31:32.103 INFO [stdout]                                at libtest/lib.rs:1468
Dec 03 02:31:32.103 INFO [stdout]                                at libcore/ops/function.rs:238
Dec 03 02:31:32.103 INFO [stdout]                                at liballoc/boxed.rs:672
Dec 03 02:31:32.103 INFO [stdout]   10:     0x5617b4753199 - __rust_maybe_catch_panic
Dec 03 02:31:32.103 INFO [stdout]                                at libpanic_unwind/lib.rs:102
Dec 03 02:31:32.103 INFO [stdout]   11:     0x5617b46bbab2 - std::sys_common::backtrace::__rust_begin_short_backtrace::hb8f0d0309526c184
Dec 03 02:31:32.103 INFO [stdout]                                at libstd/panicking.rs:289
Dec 03 02:31:32.103 INFO [stdout]                                at libstd/panic.rs:392
Dec 03 02:31:32.103 INFO [stdout]                                at libtest/lib.rs:1423
Dec 03 02:31:32.103 INFO [stdout]                                at libstd/sys_common/backtrace.rs:136
Dec 03 02:31:32.103 INFO [stdout]   12:     0x5617b46bc564 - std::panicking::try::do_call::hc2f7c8b9a348d8db
Dec 03 02:31:32.103 INFO [stdout]                                at libstd/thread/mod.rs:409
Dec 03 02:31:32.103 INFO [stdout]                                at libstd/panic.rs:313
Dec 03 02:31:32.103 INFO [stdout]                                at libstd/panicking.rs:310
Dec 03 02:31:32.103 INFO [stdout]   13:     0x5617b4753199 - __rust_maybe_catch_panic
Dec 03 02:31:32.103 INFO [stdout]                                at libpanic_unwind/lib.rs:102
Dec 03 02:31:32.103 INFO [stdout]   14:     0x5617b46a979c - <F as alloc::boxed::FnBox<A>>::call_box::h6bfded618e480b32
Dec 03 02:31:32.103 INFO [stdout]                                at libstd/panicking.rs:289
Dec 03 02:31:32.104 INFO [stdout]                                at libstd/panic.rs:392
Dec 03 02:31:32.104 INFO [stdout]                                at libstd/thread/mod.rs:408
Dec 03 02:31:32.104 INFO [stdout]                                at liballoc/boxed.rs:672
Dec 03 02:31:32.104 INFO [stdout]   15:     0x5617b473dd7d - std::sys_common::thread::start_thread::h4c28257d67cdf9cb
Dec 03 02:31:32.104 INFO [stdout]                                at liballoc/boxed.rs:682
Dec 03 02:31:32.104 INFO [stdout]                                at libstd/sys_common/thread.rs:24
Dec 03 02:31:32.104 INFO [stdout]   16:     0x5617b4730cc5 - std::sys::unix::thread::Thread::new::thread_start::hfecb2e7eff8fd34f
Dec 03 02:31:32.104 INFO [stdout]                                at libstd/sys/unix/thread.rs:90
Dec 03 02:31:32.104 INFO [stdout]   17:     0x7fe666a106b9 - start_thread
Dec 03 02:31:32.104 INFO [stdout]   18:     0x7fe66653041c - clone
Dec 03 02:31:32.104 INFO [stdout]   19:                0x0 - <unknown>
Dec 03 02:31:32.104 INFO [stdout] 
Dec 03 02:31:32.104 INFO [stdout] 
Dec 03 02:31:32.104 INFO [stdout] failures:
Dec 03 02:31:32.104 INFO [stdout]     test_readme_example_2
Dec 03 02:31:32.104 INFO [stdout] 
Dec 03 02:31:32.104 INFO [stdout] test result: FAILED. 1 passed; 1 failed; 0 ignored; 0 measured; 0 filtered out
Dec 03 02:31:32.104 INFO [stdout] 
Dec 03 02:31:32.104 INFO [stderr] error: test failed, to rerun pass '--test problems'
Dec 03 02:31:32.106 INFO [stderr] su: No module specific data is present
Dec 03 02:31:32.503 INFO running `"docker" "inspect" "989ecb434545e562b1d2ec1dcfa5e743157e047b7a117ed395fa72de42964d90"`
Dec 03 02:31:32.644 INFO running `"docker" "rm" "-f" "989ecb434545e562b1d2ec1dcfa5e743157e047b7a117ed395fa72de42964d90"`
Dec 03 02:31:32.786 INFO [stdout] 989ecb434545e562b1d2ec1dcfa5e743157e047b7a117ed395fa72de42964d90
